{"id":587,"date":"2026-04-14T06:34:01","date_gmt":"2026-04-14T06:34:01","guid":{"rendered":"https:\/\/mojaoliwa.pl\/?page_id=587"},"modified":"2026-04-14T06:34:02","modified_gmt":"2026-04-14T06:34:02","slug":"zwroty-i-reklamacje","status":"publish","type":"page","link":"https:\/\/mojaoliwa.pl\/index.php\/zwroty-i-reklamacje\/","title":{"rendered":"Zwroty i reklamacje"},"content":{"rendered":"\n<h2 class=\"wp-block-heading\">Zwroty<\/h2>\n\n\n\n<p>Zgodnie z obowi\u0105zuj\u0105cymi przepisami, klient ma prawo do odst\u0105pienia od umowy w terminie 14 dni od otrzymania zam\u00f3wienia.<\/p>\n\n\n\n<p>Ze wzgl\u0119du na charakter produkt\u00f3w (artyku\u0142y spo\u017cywcze), zwrot jest mo\u017cliwy wy\u0142\u0105cznie w przypadku produkt\u00f3w:<\/p>\n\n\n\n<ul class=\"wp-block-list\">\n<li>fabrycznie zamkni\u0119tych,<\/li>\n\n\n\n<li>nieotwieranych,<\/li>\n\n\n\n<li>nienaruszonych.<\/li>\n<\/ul>\n\n\n\n<p>Zwrot \u015brodk\u00f3w nast\u0119puje po otrzymaniu i sprawdzeniu produktu.<\/p>\n\n\n\n<p>Zwrot dokonywany jest przy u\u017cyciu tej samej metody p\u0142atno\u015bci, kt\u00f3ra zosta\u0142a u\u017cyta przy zakupie.<\/p>\n\n\n\n<hr class=\"wp-block-separator has-alpha-channel-opacity\"\/>\n\n\n\n<h2 class=\"wp-block-heading\">Koszt zwrotu<\/h2>\n\n\n\n<p>Koszt odes\u0142ania produktu ponosi klient.<\/p>\n\n\n\n<hr class=\"wp-block-separator has-alpha-channel-opacity\"\/>\n\n\n\n<h2 class=\"wp-block-heading\">Reklamacje<\/h2>\n\n\n\n<p>W przypadku otrzymania produktu uszkodzonego lub niezgodnego z zam\u00f3wieniem, prosimy o kontakt:<\/p>\n\n\n\n<p><a href=\"mailto:sklep@mojaoliwa.pl\">sklep@mojaoliwa.pl<\/a><br>+48 453 101 330<\/p>\n\n\n\n<hr class=\"wp-block-separator has-alpha-channel-opacity\"\/>\n\n\n\n<p>W przypadku uznania reklamacji:<\/p>\n\n\n\n<ul class=\"wp-block-list\">\n<li>zwracamy koszt produktu,<\/li>\n\n\n\n<li>zwracamy koszt dostawy.<\/li>\n<\/ul>\n\n\n\n<hr class=\"wp-block-separator has-alpha-channel-opacity\"\/>\n\n\n\n<h2 class=\"wp-block-heading\">Adres do zwrot\u00f3w<\/h2>\n\n\n\n<p>Wiewi\u00f3rki 19<br>Pie\u0144ki S\u0142ubickie<br>96-321<\/p>\n\n\n\n<p><a href=\"mailto:sklep@mojaoliwa.pl\">sklep@mojaoliwa.pl<\/a><br>+48 453 101 330<\/p>\n\n\n\n<hr class=\"wp-block-separator has-alpha-channel-opacity\"\/>\n\n\n\n<h2 class=\"wp-block-heading\">Wa\u017cne informacje<\/h2>\n\n\n\n<ul class=\"wp-block-list\">\n<li>Zwrot \u015brodk\u00f3w nast\u0119puje po pozytywnym rozpatrzeniu zwrotu lub reklamacji.<\/li>\n\n\n\n<li>Sklep nie przyjmuje zwrot\u00f3w produkt\u00f3w otwartych lub u\u017cywanych.<\/li>\n<\/ul>\n\n\n\n<hr class=\"wp-block-separator has-alpha-channel-opacity\"\/>\n\n\n\n<p>W razie pyta\u0144 jeste\u015bmy do dyspozycji.<\/p>\n","protected":false},"excerpt":{"rendered":"<p>Zwroty Zgodnie z obowi\u0105zuj\u0105cymi przepisami, klient ma prawo do odst\u0105pienia od umowy w terminie 14 dni od otrzymania zam\u00f3wienia. Ze wzgl\u0119du na charakter produkt\u00f3w (artyku\u0142y spo\u017cywcze), zwrot jest mo\u017cliwy wy\u0142\u0105cznie w przypadku produkt\u00f3w: Zwrot \u015brodk\u00f3w nast\u0119puje po otrzymaniu i sprawdzeniu produktu. Zwrot dokonywany jest przy u\u017cyciu tej samej metody p\u0142atno\u015bci, kt\u00f3ra zosta\u0142a u\u017cyta przy zakupie&#8230;.<\/p>\n","protected":false},"author":1,"featured_media":0,"parent":0,"menu_order":0,"comment_status":"closed","ping_status":"closed","template":"","meta":{"_kadence_starter_templates_imported_post":false,"_kad_post_transparent":"","_kad_post_title":"","_kad_post_layout":"","_kad_post_sidebar_id":"","_kad_post_content_style":"","_kad_post_vertical_padding":"","_kad_post_feature":"","_kad_post_feature_position":"","_kad_post_header":false,"_kad_post_footer":false,"_kad_post_classname":"","footnotes":""},"class_list":["post-587","page","type-page","status-publish","hentry"],"yoast_head":"<!-- This site is optimized with the Yoast SEO plugin v27.3 - https:\/\/yoast.com\/product\/yoast-seo-wordpress\/ -->\n<title>Zwroty i reklamacje - Moja oliwa<\/title>\n<meta name=\"robots\" content=\"index, follow, max-snippet:-1, max-image-preview:large, max-video-preview:-1\" \/>\n<link rel=\"canonical\" href=\"https:\/\/mojaoliwa.pl\/index.php\/zwroty-i-reklamacje\/\" \/>\n<meta property=\"og:locale\" content=\"pl_PL\" \/>\n<meta property=\"og:type\" content=\"article\" \/>\n<meta property=\"og:title\" content=\"Zwroty i reklamacje - Moja oliwa\" \/>\n<meta property=\"og:description\" content=\"Zwroty Zgodnie z obowi\u0105zuj\u0105cymi przepisami, klient ma prawo do odst\u0105pienia od umowy w terminie 14 dni od otrzymania zam\u00f3wienia. Ze wzgl\u0119du na charakter produkt\u00f3w (artyku\u0142y spo\u017cywcze), zwrot jest mo\u017cliwy wy\u0142\u0105cznie w przypadku produkt\u00f3w: Zwrot \u015brodk\u00f3w nast\u0119puje po otrzymaniu i sprawdzeniu produktu. Zwrot dokonywany jest przy u\u017cyciu tej samej metody p\u0142atno\u015bci, kt\u00f3ra zosta\u0142a u\u017cyta przy zakupie....\" \/>\n<meta property=\"og:url\" content=\"https:\/\/mojaoliwa.pl\/index.php\/zwroty-i-reklamacje\/\" \/>\n<meta property=\"og:site_name\" content=\"Moja oliwa\" \/>\n<meta property=\"article:modified_time\" content=\"2026-04-14T06:34:02+00:00\" \/>\n<meta name=\"twitter:card\" content=\"summary_large_image\" \/>\n<meta name=\"twitter:label1\" content=\"Szacowany czas czytania\" \/>\n\t<meta name=\"twitter:data1\" content=\"1 minuta\" \/>\n<script type=\"application\/ld+json\" class=\"yoast-schema-graph\">{\"@context\":\"https:\\\/\\\/schema.org\",\"@graph\":[{\"@type\":\"WebPage\",\"@id\":\"https:\\\/\\\/mojaoliwa.pl\\\/index.php\\\/zwroty-i-reklamacje\\\/\",\"url\":\"https:\\\/\\\/mojaoliwa.pl\\\/index.php\\\/zwroty-i-reklamacje\\\/\",\"name\":\"Zwroty i reklamacje - Moja oliwa\",\"isPartOf\":{\"@id\":\"https:\\\/\\\/mojaoliwa.pl\\\/#website\"},\"datePublished\":\"2026-04-14T06:34:01+00:00\",\"dateModified\":\"2026-04-14T06:34:02+00:00\",\"breadcrumb\":{\"@id\":\"https:\\\/\\\/mojaoliwa.pl\\\/index.php\\\/zwroty-i-reklamacje\\\/#breadcrumb\"},\"inLanguage\":\"pl-PL\",\"potentialAction\":[{\"@type\":\"ReadAction\",\"target\":[\"https:\\\/\\\/mojaoliwa.pl\\\/index.php\\\/zwroty-i-reklamacje\\\/\"]}]},{\"@type\":\"BreadcrumbList\",\"@id\":\"https:\\\/\\\/mojaoliwa.pl\\\/index.php\\\/zwroty-i-reklamacje\\\/#breadcrumb\",\"itemListElement\":[{\"@type\":\"ListItem\",\"position\":1,\"name\":\"Strona g\u0142\u00f3wna\",\"item\":\"https:\\\/\\\/mojaoliwa.pl\\\/\"},{\"@type\":\"ListItem\",\"position\":2,\"name\":\"Zwroty i reklamacje\"}]},{\"@type\":\"WebSite\",\"@id\":\"https:\\\/\\\/mojaoliwa.pl\\\/#website\",\"url\":\"https:\\\/\\\/mojaoliwa.pl\\\/\",\"name\":\"Moja oliwa\",\"description\":\"\",\"publisher\":{\"@id\":\"https:\\\/\\\/mojaoliwa.pl\\\/#organization\"},\"potentialAction\":[{\"@type\":\"SearchAction\",\"target\":{\"@type\":\"EntryPoint\",\"urlTemplate\":\"https:\\\/\\\/mojaoliwa.pl\\\/?s={search_term_string}\"},\"query-input\":{\"@type\":\"PropertyValueSpecification\",\"valueRequired\":true,\"valueName\":\"search_term_string\"}}],\"inLanguage\":\"pl-PL\"},{\"@type\":\"Organization\",\"@id\":\"https:\\\/\\\/mojaoliwa.pl\\\/#organization\",\"name\":\"Moja oliwa\",\"url\":\"https:\\\/\\\/mojaoliwa.pl\\\/\",\"logo\":{\"@type\":\"ImageObject\",\"inLanguage\":\"pl-PL\",\"@id\":\"https:\\\/\\\/mojaoliwa.pl\\\/#\\\/schema\\\/logo\\\/image\\\/\",\"url\":\"https:\\\/\\\/mojaoliwa.pl\\\/wp-content\\\/uploads\\\/2026\\\/04\\\/cropped-Logo-_moja-oliwa_-w-cieplych-barwach.png\",\"contentUrl\":\"https:\\\/\\\/mojaoliwa.pl\\\/wp-content\\\/uploads\\\/2026\\\/04\\\/cropped-Logo-_moja-oliwa_-w-cieplych-barwach.png\",\"width\":817,\"height\":614,\"caption\":\"Moja oliwa\"},\"image\":{\"@id\":\"https:\\\/\\\/mojaoliwa.pl\\\/#\\\/schema\\\/logo\\\/image\\\/\"}}]}<\/script>\n<!-- \/ Yoast SEO plugin. -->","yoast_head_json":{"title":"Zwroty i reklamacje - Moja oliwa","robots":{"index":"index","follow":"follow","max-snippet":"max-snippet:-1","max-image-preview":"max-image-preview:large","max-video-preview":"max-video-preview:-1"},"canonical":"https:\/\/mojaoliwa.pl\/index.php\/zwroty-i-reklamacje\/","og_locale":"pl_PL","og_type":"article","og_title":"Zwroty i reklamacje - Moja oliwa","og_description":"Zwroty Zgodnie z obowi\u0105zuj\u0105cymi przepisami, klient ma prawo do odst\u0105pienia od umowy w terminie 14 dni od otrzymania zam\u00f3wienia. Ze wzgl\u0119du na charakter produkt\u00f3w (artyku\u0142y spo\u017cywcze), zwrot jest mo\u017cliwy wy\u0142\u0105cznie w przypadku produkt\u00f3w: Zwrot \u015brodk\u00f3w nast\u0119puje po otrzymaniu i sprawdzeniu produktu. Zwrot dokonywany jest przy u\u017cyciu tej samej metody p\u0142atno\u015bci, kt\u00f3ra zosta\u0142a u\u017cyta przy zakupie....","og_url":"https:\/\/mojaoliwa.pl\/index.php\/zwroty-i-reklamacje\/","og_site_name":"Moja oliwa","article_modified_time":"2026-04-14T06:34:02+00:00","twitter_card":"summary_large_image","twitter_misc":{"Szacowany czas czytania":"1 minuta"},"schema":{"@context":"https:\/\/schema.org","@graph":[{"@type":"WebPage","@id":"https:\/\/mojaoliwa.pl\/index.php\/zwroty-i-reklamacje\/","url":"https:\/\/mojaoliwa.pl\/index.php\/zwroty-i-reklamacje\/","name":"Zwroty i reklamacje - Moja oliwa","isPartOf":{"@id":"https:\/\/mojaoliwa.pl\/#website"},"datePublished":"2026-04-14T06:34:01+00:00","dateModified":"2026-04-14T06:34:02+00:00","breadcrumb":{"@id":"https:\/\/mojaoliwa.pl\/index.php\/zwroty-i-reklamacje\/#breadcrumb"},"inLanguage":"pl-PL","potentialAction":[{"@type":"ReadAction","target":["https:\/\/mojaoliwa.pl\/index.php\/zwroty-i-reklamacje\/"]}]},{"@type":"BreadcrumbList","@id":"https:\/\/mojaoliwa.pl\/index.php\/zwroty-i-reklamacje\/#breadcrumb","itemListElement":[{"@type":"ListItem","position":1,"name":"Strona g\u0142\u00f3wna","item":"https:\/\/mojaoliwa.pl\/"},{"@type":"ListItem","position":2,"name":"Zwroty i reklamacje"}]},{"@type":"WebSite","@id":"https:\/\/mojaoliwa.pl\/#website","url":"https:\/\/mojaoliwa.pl\/","name":"Moja oliwa","description":"","publisher":{"@id":"https:\/\/mojaoliwa.pl\/#organization"},"potentialAction":[{"@type":"SearchAction","target":{"@type":"EntryPoint","urlTemplate":"https:\/\/mojaoliwa.pl\/?s={search_term_string}"},"query-input":{"@type":"PropertyValueSpecification","valueRequired":true,"valueName":"search_term_string"}}],"inLanguage":"pl-PL"},{"@type":"Organization","@id":"https:\/\/mojaoliwa.pl\/#organization","name":"Moja oliwa","url":"https:\/\/mojaoliwa.pl\/","logo":{"@type":"ImageObject","inLanguage":"pl-PL","@id":"https:\/\/mojaoliwa.pl\/#\/schema\/logo\/image\/","url":"https:\/\/mojaoliwa.pl\/wp-content\/uploads\/2026\/04\/cropped-Logo-_moja-oliwa_-w-cieplych-barwach.png","contentUrl":"https:\/\/mojaoliwa.pl\/wp-content\/uploads\/2026\/04\/cropped-Logo-_moja-oliwa_-w-cieplych-barwach.png","width":817,"height":614,"caption":"Moja oliwa"},"image":{"@id":"https:\/\/mojaoliwa.pl\/#\/schema\/logo\/image\/"}}]}},"_links":{"self":[{"href":"https:\/\/mojaoliwa.pl\/index.php\/wp-json\/wp\/v2\/pages\/587","targetHints":{"allow":["GET"]}}],"collection":[{"href":"https:\/\/mojaoliwa.pl\/index.php\/wp-json\/wp\/v2\/pages"}],"about":[{"href":"https:\/\/mojaoliwa.pl\/index.php\/wp-json\/wp\/v2\/types\/page"}],"author":[{"embeddable":true,"href":"https:\/\/mojaoliwa.pl\/index.php\/wp-json\/wp\/v2\/users\/1"}],"replies":[{"embeddable":true,"href":"https:\/\/mojaoliwa.pl\/index.php\/wp-json\/wp\/v2\/comments?post=587"}],"version-history":[{"count":1,"href":"https:\/\/mojaoliwa.pl\/index.php\/wp-json\/wp\/v2\/pages\/587\/revisions"}],"predecessor-version":[{"id":588,"href":"https:\/\/mojaoliwa.pl\/index.php\/wp-json\/wp\/v2\/pages\/587\/revisions\/588"}],"wp:attachment":[{"href":"https:\/\/mojaoliwa.pl\/index.php\/wp-json\/wp\/v2\/media?parent=587"}],"curies":[{"name":"wp","href":"https:\/\/api.w.org\/{rel}","templated":true}]}}